4. Let l be u(-3). Let f(b) = -109*b**3 + 108*b**3 - 14 - 6 + 8*b**2 + l*b. List the prime factors of f(8).
2, 3
What are the prime factors of (57 + -47)*(-2)/8 - 175852/(-8)?
31, 709
Suppose -8*d - 3446 = -16734. List the prime factors of d.
11, 151
Suppose -5821 + 1492 = g - 4*f, 4*f + 17276 = -4*g. List the prime factors of (-3)/(((-2)/(-4))/(g/58)).
3, 149
Let g be 88/(-14) + 10/35. Let q(x) = 39*x**2 + 15*x - 9. Let h be q(g). Suppose 80 + h = 5*a. What are the prime factors of a?
277
Let b = 605 - 610. List the prime factors of -5*(-5 + 922/b).
947
List the prime factors of ((-209)/(-22))/19*12227*8.
2, 12227
List the prime factors of 88/(-16) + 1512688/32.
2, 23633
Let r = -45 - -48. Suppose 3*m = -5*i + 2*m - 545, -2*i + r*m = 218. Let l = -21 - i. What are the prime factors of l?
2, 11
Let i be (-3 + 318)*(-2)/(-5). List the prime factors of (-2)/9*-3 + 41370/i.
7, 47
What are the prime factors of ((-176)/(-33) + -6 - 1)*-141?
5, 47
Let n(l) = 8*l - 1. Let z(m) = -m**2 + 7*m. Let v be (0 + 2)/(55/15 + -3). Let k(t) = v*n(t) - 2*z(t). What are the prime factors of k(7)?
3, 5, 11
Suppose -2*l - 455*a = -459*a - 3700, 2*l - 3695 = 3*a. What are the prime factors of l?
2, 5, 23
Let h be (-175)/(-15) + (-1)/(-3). Suppose 10*b - h*b = 204. Let p = 182 + b. List the prime factors of p.
2, 5
Let q = -26 + 32. Let t(f) = q*f**2 - 14*f**2 - f + 30*f**3 + 10*f**2. List the prime factors of t(1).
31
Suppose -2*k - 2*a + 5 = -3, 0 = -3*a + 3. Suppose -y = -k*x + 183, -967 = y + 4*y - 2*x. What are the prime factors of (-8)/60*3*y?
2, 3, 13
Let q = 10004 + -4509. List the prime factors of q.
5, 7, 157
Let w be (15/10)/(18/24). List the prime factors of ((-2785)/w)/((-140)/168).
3, 557
Suppose 4 = -2*i, -4*x + 4*i + 12221 + 4483 = 0. List the prime factors of x.
2, 2087
Let b(y) = 50*y + 30. Let o be b(9). Suppose 0*r + 2*r = -4*s + 504, -o = -2*r + 2*s. What are the prime factors of r?
2, 61
Let w(x) = -48*x**3 - 10*x**2 - 119*x - 31. List the prime factors of w(-7).
2, 3, 233
Let f be -2 - (-2 + 3)*0. Let l be f - (-31 - 12/(-3)). List the prime factors of 2/(-5) + (6935/l - -2).
3, 31
Let x be (-3)/(-6) + (-10)/8*-2. Suppose x*a - 708 = 132. Suppose b - a = -70. What are the prime factors of b?
2, 3, 5, 7
Suppose -513 + 36183 + 22060 = 23*m. What are the prime factors of m?
2, 5, 251
Suppose -35*w + 354918 = 125528. What are the prime factors of w?
2, 29, 113
List the prime factors of (-948)/16*78888/(-171).
2, 79, 173
Suppose -4*w + 5*w - 3*b - 225 = 0, 15 = 5*b. List the prime factors of w.
2, 3, 13
Suppose 5*x - 3*q = 1567, -8 + 4 = -4*q. Suppose -7*o + x + 3900 = 0. Let j = o - 344. List the prime factors of j.
2, 3, 43
Let s(f) = -f**2 + 6*f - 1. Let v be s(5). Suppose 2*q = u + 625, -300 = 3*q - v*q + 3*u. What are the prime factors of q?
3, 5, 7
Let p be (-1)/(-3)*-3*-2 + 0. Let x = 8 + -5. List the prime factors of (x/(-9))/(p/6) - -50.
7
Suppose -5*k + 7*x - 5*x = 26, 0 = -3*x - 6. Let w be (8 + 0)*(k/12)/(-1). Suppose -209 = -g - 3*m, -4*g + 860 = -0*m + w*m. List the prime factors of g.
2, 109
Suppose 58*q = 844445 + 597222 + 236737. What are the prime factors of q?
2, 3, 7, 13, 53
Suppose -3*q = -2*q + 3*x + 21, -5*q + 3*x = 141. What are the prime factors of 7/(42/(-18)) - q?
2, 3
Let b = -40 - -61. Suppose 0 = 3*j + 5*n - 71, 0 = -j - 5*n + 4*n + b. Let y(r) = r**3 - 17*r**2 + 5*r + 21. List the prime factors of y(j).
2, 53
Let t(d) = -20 - 24*d + 2*d + 8*d. Let b be 0 + 3 + -8 - 1. What are the prime factors of t(b)?
2
Suppose 52605 + 140374 - 18604 = 25*c. List the prime factors of c.
3, 5, 31
Let q be (-210)/(-24) - 12/16. Suppose 13*g - 11*g - q = 0. Suppose g*k - 188 = 80. What are the prime factors of k?
67
Suppose 188 = 8*w - 6*w - 4*l, 0 = -3*w + 5*l + 280. Let m = w + -53. Suppose -v + 3*j + m = 0, -2*v - 3*j + 49 = -v. What are the prime factors of v?
43
Suppose -4*h = 5*b - 28510, -2*h - 49*b = -54*b - 14210. What are the prime factors of h?
2, 5, 89
Let s = -13008 - -50484. What are the prime factors of 3/4 + (s/(-16))/(-9)?
3, 29
Suppose 36*j - 3069839 + 843491 = 0. List the prime factors of j.
61843
Let v be ((-5)/(-2))/(14/28). Suppose 3*k = x - 1371, 0 = -2*x + v*k + 1448 + 1292. Suppose -x = -5*f - m - 236, -8 = -2*m. List the prime factors of f.
3, 5
Suppose -3*o + 21 = -4*c, 5*c + 5*o = 2*o - 33. Let w be (9/c)/((-5)/30). What are the prime factors of w*8 - 0/20?
2, 3
Let s(z) = 568*z**2 - 18*z - 27. List the prime factors of s(3).
3, 13, 43
Suppose -5*l + 1201 - 1211 = 0. List the prime factors of (-3422)/l + (52/4 - 8).
2, 3, 11, 13
Let z = -92 + 78. Let s(j) = -51*j + 12. Let c be s(z). Suppose 0*i = 6*i - c. List the prime factors of i.
11
Let d = 312 + -191. Let t = d - -194. List the prime factors of t.
3, 5, 7
Suppose -3*y + 96053 - 1112 = 0. What are the prime factors of y?
3, 7, 11, 137
Let r = 2940 - -2379. List the prime factors of r.
3, 197
Let y(u) = -35*u + 39. Let k be y(5). Let w be (-1)/3 - (1 - k/(-12)). Let t(n) = -2*n**3 + 22*n**2 - 3*n - 14. List the prime factors of t(w).
2, 3, 13
Suppose 4*m = -3*a + 33644, 20*a = 23*a - 12. List the prime factors of m.
2, 1051
List the prime factors of (-104)/(-260) + 43776/10.
2, 11, 199
Suppose 4*b + 4*g = 28996, -5*b - 228*g = -233*g - 36315. What are the prime factors of b?
2, 907
Let v = 299 - 303. What are the prime factors of (-33)/((v - -5)*(-3)/33)?
3, 11
Let t = -3130 - -34704. List the prime factors of t.
2, 15787
Suppose -s + 26727 = 5*d - 846, -4*d = -2*s + 55118. What are the prime factors of s?
43, 641
Suppose 0 = 5*i - 43 + 63, -i = t - 13315. What are the prime factors of t?
19, 701
List the prime factors of 2/24 + 14286030/792.
2, 29, 311
Suppose -181 = 16*h - 165. What are the prime factors of h/((-27)/(-6822)*1/(-3))?
2, 379
Let a(i) = -1261*i - 3650. What are the prime factors of a(-12)?
2, 5741
Suppose 0 = -2*v + 8, -4*y - 8*v + 4*v + 24 = 0. Suppose -3*o = 5*f - 2*f - 1293, y*f = 4*o - 1706. List the prime factors of o.
2, 107
Let x(i) = -i**2 - 3*i + 8. Let g be x(4). List the prime factors of (47 - 1)*((-6670)/g)/23.
23, 29
Suppose v + 3*x + x - 188 = 0, 0 = -2*v - 3*x + 391. Suppose 3*f - 3*o - 945 = 0, 4*f + 2*o - 1066 = v. What are the prime factors of f?
2, 79
Suppose -4*q + 451503 - 106599 = -r, 4*q + 4*r = 344944. What are the prime factors of q?
2, 21557
Suppose -7*m - 12*m + 24*m = 0. Suppose m = 3*l - 2*l - 294. List the prime factors of l.
2, 3, 7
Let b be (-20)/25*230/4. Let h = b + 51. List the prime factors of -1 + 0 + 1 + 60 + h.
5, 13
Let k(d) = -d**2 + 15*d - 49. Let z be k(6). Let p(i) = i**2 + i + 42. List the prime factors of p(z).
2, 3
Suppose -3*i = -0*i - 15. Suppose -2*f - f = -0*f. Suppose -i*y + f*y + 830 = 0. List the prime factors of y.
2, 83
Let w(z) be the first derivative of -z**4/4 - 19*z**3/3 + 11*z**2 + 50*z - 18. Let r be w(-20). Let n(x) = x**2 + 9*x + 7. What are the prime factors of n(r)?
197
Suppose 13*r - 1484 = 700. Suppose 3*y = -q + 2*q - 347, 0 = -2*y - 2*q - 218. Let i = r + y. List the prime factors of i.
2, 3
Suppose 1 = n - x - 5, 5*n + 5*x = 10. Suppose 0*u - n*u = 744. Let d = -126 - u. List the prime factors of d.
2, 3, 5
Suppose 5*m + b + 11*b - 180 = 0, -b = -2*m + 43. Suppose 0*l - 2*l = -2656. List the prime factors of (-2)/6 + l/m + -3.
2, 13
List the prime factors of (2 - (-10 - -11))/((-2)/(-13876)).
2, 3469
Let k(b) = -b**2 + 20*b - 75. Let n be k(15). Suppose -p - 4*p - 2220 = 0. What are the prime factors of p/(-12) - (1 - n)?
2, 3
Suppose -5 = -5*q - 5*o, -q + 8 + 8 = -4*o. Suppose -j = -5*v - 391, q*j - 3*v = 2*v + 1594. What are the prime factors of j?
401
Suppose 4*t = -3*m + 72, m + 24 = 5*t - 66. Let o(q) = 11 - 156*q**2 + 155*q**2 + 4*q + t*q. What are the prime factors of o(7)?
2, 29
Suppose 5*g - 8879 = 5693 + 11133. List the prime factors of g.
53, 97
Suppose f - 39 = -4*h, h + 5*f - 1 = 4. Let o(x) = 23*x**2 + 8*x - 27. Let k be o(2). Suppose -21 = h*r - k. What are the prime factors of r?
2, 3
Let o(g) = -69*g - 210. Let c be (46/(-8))/(8/((-128)/(-4))). List the prime factors of o(c).
3, 17
Let u(c) = 212*c**2 - 708*c + 12. List the prime factors of u(9).
2, 3, 17, 53
Let f(w) = w**3 + 27*w**2 - 30*w - 52. Let l be f(-28). Suppose -g + 1367 = 4*h, -5*h + l